se 10, what is 3 - 9387356?
-9387353
In base 10, what is -32168 + -883?
-33051
In base 10, what is -1073532 + 23?
-1073509
In base 11, what is 4 - -20153130?
20153134
In base 8, what is 16 + -256560066?
-256560050
In base 12, what is 271539 - 11?
271528
In base 6, what is 112551012 - 21?
112550551
In base 9, what is -3 + -874760?
-874763
In base 15, what is -1275 + -5233a?
-535b0
In base 15, what is 1148bd8 + 1?
1148bd9
In base 11, what is -1233 - 19449?
-1a681
In base 16, what is 323337 - 0?
323337
In base 5, what is 1133432124041 + 3?
1133432124044
In base 11, what is -1956095 - 3?
-1956098
In base 3, what is 11 - 1122100201100002?
-1122100201022221
In base 4, what is -233032 - 222321?
-1122013
In base 4, what is -311201 - 123211?
-1101012
In base 12, what is 3 - -7b57680?
7b57683
In base 13, what is -1c - -65b503?
65b4b4
In base 11, what is 6526 + 703?
7129
In base 3, what is -2000022021121202210 - -11?
-2000022021121202122
In base 11, what is -756 - -8a51?
82a6
In base 8, what is 145324 + 3561?
151105
In base 8, what is 0 + 133520023?
133520023
In base 6, what is -44513514550 + -4?
-44513514554
In base 6, what is 444 + -45441154?
-45440310
In base 3, what is -212211 + -201002111222?
-201010101210
In base 11, what is -29 + -6008092?
-6008110
In base 4, what is 21323210 - 12313?
21310231
In base 5, what is 2133001013 - -3?
2133001021
In base 15, what is 99ed + -27?
99c6
In base 4, what is -21100313212002 + -1?
-21100313212003
In base 9, what is -308 - -132361?
132052
In base 5, what is -33404400 - 10303?
-33420203
In base 2, what is -101001011 + 11010000000011?
11001010111000
In base 14, what is dca8 - -27cc?
12696
In base 11, what is a932 + a25?
10857
In base 10, what is -1211888 + 1?
-1211887
In base 6, what is -1331503 - 15004?
-1350511
In base 13, what is -3 + -174b064?
-174b067
In base 13, what is 161820 - 25?
1617c8
In base 5, what is 10 - -4203344112?
4203344122
In base 4, what is -221332 + 31201011?
30313013
In base 5, what is 44322442 - -40?
44323032
In base 11, what is -39102 + a?
-390a3
In base 7, what is 336 + -1155640?
-1155301
In base 13, what is 28 - -42a76?
42aa1
In base 13, what is 3007 - -8ca?
3904
In base 13, what is 1c8c7 + 9?
1c903
In base 5, what is 34230032421 - 2?
34230032414
In base 4, what is 132311203312 - 120?
132311203132
In base 7, what is -2054024525 + 5?
-2054024520
In base 3, what is 102 + -10200002222011?
-10200002221202
In base 14, what is -68dba10 - -2?
-68dba0c
In base 7, what is 1 - 22312622?
-22312621
In base 7, what is -2452 + 5600434?
5564652
In base 2, what is -101 - 1010010101110111101111?
-1010010101110111110100
In base 8, what is -1537005 - 4?
-1537011
In base 14, what is -196 - 13ad3?
-13c89
In base 4, what is -2 + -2031221112?
-2031221120
In base 8, what is 36 + 32644204?
32644242
In base 15, what is -79eea9 - -5?
-79eea4
In base 7, what is -2466 - -512354?
506555
In base 13, what is -1572862b + a?
-15728621
In base 10, what is 5 - 37638611?
-37638606
In base 10, what is -4804 - 7495?
-12299
In base 4, what is -1112211 + 1023122?
-23023
In base 6, what is 11143452 + -1501?
11141551
In base 13, what is 6a - -2b9312?
2b937c
In base 6, what is 20 + 13531224?
13531244
In base 12, what is -1b4308a87 - 1?
-1b4308a88
In base 14, what is -1bdb10 + 11d?
-1bd9d1
In base 7, what is -134116 + 252?
-133534
In base 5, what is 343040 + 1321043?
2214133
In base 13, what is -10404c1 - -10?
-10404b1
In base 13, what is -57b4630 - -2?
-57b462b
In base 16, what is 61b2c - 16?
61b16
In base 9, what is 740 - -83334?
84174
In base 15, what is 96 + c6e4b?
c6ee2
In base 7, what is 342 - -23225?
23600
In base 8, what is 1014444 - -135?
1014601
In base 9, what is 354 - 565077?
-564623
In base 4, what is -332 + 2310321121?
2310320123
In base 9, what is 20 - 1044814?
-1044784
In base 16, what is 327911 + -4?
32790d
In base 9, what is 2026 - -3810?
5836
In base 5, what is 1 + -23421430033?
-23421430032
In base 4, what is -3 + 13321323101?
13321323032
In base 13, what is 3a9b964 - 1b?
3a9b946
In base 6, what is -4 - 2242515405?
-2242515413
In base 11, what is 3a1183 - 7?
3a1177
In base 2, what is 100000101001 + 101001100100?
1001010001101
In base 15, what is 2c1 - 23361?
-23090
In base 5, what is 22330202402 + -1?
22330202401
In base 14, what is -4c295a - 0?
-4c295a
In base 14, what is 1d7 + -2055ca?
-2053d3
In base 13, what is 9c30 - 50?
9bb0
In base 11, what is 2 - -a672a5?
a672a7
In base 12, what is 463982 + 1a0?
463b62
In base 5, what is 22003002422 + -20?
22003002402
In base 5, what is -42200 + -1041410?
-1134110
In base 15, what is 7611c08 + 6?
7611c0e
In base 9, what is -16488 - 3440?
-21038
In base 6, what is -10 + 2332403202?
2332403152
In base 8, what is -3 - -6352327?
6352324
In base 14, what is 2cb55a - -a?
2cb566
In base 2, what is -100100010000011001101 - 110100110?
-100100010001001110011
In base 14, what is -12403 - -d?
-123d4
In base 13, what is 2bc850 + -17?
2bc836
In base 3, what is 20 + -1121210110211120?
-1121210110211100
In base 7, what is 23432 - 140444?
-114012
In base 8, what is -2 - -11777242?
11777240
In base 7, what is -24113145 - 212?
-24113360
In base 14, what is 48191 - -83?
48234
In base 14, what is 1 + 4ab31c?
4ab31d
In base 15, what is 1 - -1d0981?
1d0982
In base 5, what is 2 - 232210141341?
-232210141334
In base 4, what is 32 + 12012012302?
12012013000
In base 15, what is b35c + 89?
b3e6
In base 11, what is 120504 - -58?
120561
In base 12, what is 264b2 - -1b6?
266a8
In base 11, what is 280a560 + 156?
280a706
In base 2, what is 11111110001110001110011 - 10?
11111110001110001110001
In base 3, what is -1120202110211 + 1201002?
-1120200202202
In base 15, what is -763 + -251c8?
-2593b
In base 2, what is 110011111011111 - 1001010000110010?
-10110001010011
In base 6, what is 240110 + 52340?
332450
In base 11, what is 10779 + -779?
10000
In base 6, what is -231252105 - 41?
-231252150
In base 4, what is -122322103233 + -3?
-122322103302
In base 5, what is 3 + -3313243132?
-3313243124
In base 12, what is 72431 + -72?
7237b
In base 7, what is 16316 - -2612?
22231
In base 11, what is -97 - 376a60?
-377047
In base 6, what is -1203342 - 42?
-1203424
In base 13, what is -2a + -26bc9a?
-26bcc7
In base 3, what is 0 + -2120000202112001?
-2120000202112001
In base 2, what is -1111100110101 + -1010111?
-1111110001100
In base 15, what is 31924e - 5?
319249
In base 15, what is 25be - 6652?
-4083
In base 4, what is 11 - 1020013011331?
-1020013011320
In base 13, what is -20b7 + 12a1?
-b16
In base 4, what is -1233032 + -11302?
-1311000
In base 3, what is -21 + -22202101221121?
-22202101221212
In base 3, what is -220102 + -1020211?
-2011020
In base 14, what is 4d99b67 + 8?
4d99b71
In base 14, what is 98a7c4 - 86?
98a73c
In base 7, what is 4053 + -246463?
-242410
In base 2, what is 100011111101110110000 - -11?
100011111101110110011
In base 7, what is -15 + 20426103?
20426055
In base 10, what is 1407874 - 363?
1407511
In base 6, what is 211313 - -445?
212202
In base 8, what is 4 + -13441027?
-13441023
In base 13, what is -1c87c48 - 3?
-1c87c4b
In base 4, what is -12313021311310 - -10?
-12313021311300
In base 5, what is -23344 + 4243201?
4214302
In base 5, what is 40322 - 12103424?
-12013102
In base 14, what is -285a01 - -59?
-285986
In base 3, what is 1222 + 112220112012?
112220121011
In base 11, what is 3a5309 - 10?
3a52a9
In base 9, what is 13472 + 110?
13582
In base 2, what is 1001000000100001100100000000 - 0?
1001000000100001100100000000
In base 5, what is 31 + -13203204?
-13203123
In base 12, what is -2683 + 1b19?
-766
In base 6, what is 31110243 + 411?
31111054
In base 9, what is -85333 + -38?
-85372
In base 2, what is -1010101010 + -100111101000011101?
-100111110011000111
In base 9, what is -12 + 7034471?
7034458
In base 12, what is 1404ba1 + 16?
1404bb7
In base 14, what is -75 + -40256?
-402cb
In base 4, what is 232001322 + -321?
232001001
In base 9, what is 1322180 + 1367?
1323557
In base 5, what is 41124414333 - 4?
41124414324
In base 14, what is 21247 + 154?
2139b
In base 8, what is 53354 - 61110?
-5534
In base 12, what is a7783 + 2aa?
a7a71
In base 14, what is 326d9 - -131a?
33a15
In base 15, what is -532a - -5012?
-318
In base 2, what is -1011100 + -110110101111100010100?
-110110101111101110000
In base